{"id":53,"date":"2021-08-09T08:35:05","date_gmt":"2021-08-09T08:35:05","guid":{"rendered":"https:\/\/frauenaerztinnen-im-hain.de\/?page_id=53"},"modified":"2021-11-13T10:10:35","modified_gmt":"2021-11-13T10:10:35","slug":"praenataldiagnostik","status":"publish","type":"page","link":"https:\/\/frauenaerztinnen-im-hain.de\/?page_id=53","title":{"rendered":"Pr\u00e4nataldiagnostik"},"content":{"rendered":"<p>[et_pb_section fb_built=&#8220;1&#8243; _builder_version=&#8220;4.9.10&#8243; _module_preset=&#8220;default&#8220;][et_pb_row _builder_version=&#8220;4.9.10&#8243; _module_preset=&#8220;default&#8220; animation_style=&#8220;fade&#8220; animation_duration=&#8220;1550ms&#8220; animation_delay=&#8220;150ms&#8220;][et_pb_column type=&#8220;4_4&#8243; _builder_version=&#8220;4.9.10&#8243; _module_preset=&#8220;default&#8220;][et_pb_text _builder_version=&#8220;4.9.10&#8243; _module_preset=&#8220;default&#8220;]<\/p>\n<div id=\"left-area\">\n<article id=\"post-53\" class=\"post-53 page type-page status-publish hentry\">\n<h3 class=\"entry-title main_title\"><span style=\"text-decoration: underline;\">Pr\u00e4nataldiagnostik<\/span><\/h3>\n<p><span>Im Rahmen der Pr\u00e4nataldiagnostik haben Sie in unserer Praxis die M\u00f6glichkeit durch eine differenzierte  <mark2>Ultraschalldiagnostik <\/mark2> und\/oder <mark2> Laboruntersuchungen <\/mark2> m\u00f6gliche Erkrankungen oder Fehlbildungen ihres Kindes fr\u00fchzeitig festzustellen. Wir erkl\u00e4ren Ihnen gleich zu Beginn der Schwangerschaft die M\u00f6glichkeiten und Grenzen einer solchen Diagnostik und beraten Sie welche Untersuchungen zu welchem Zeitpunkt sinnvoll sind.<\/span><\/p>\n<p>&nbsp;<\/p>\n<div class=\"entry-content\"><\/div>\n<\/article>\n<\/div>\n<p>[\/et_pb_text][\/et_pb_column][\/et_pb_row][et_pb_row column_structure=&#8220;1_2,1_2&#8243; _builder_version=&#8220;4.9.10&#8243; _module_preset=&#8220;default&#8220; animation_style=&#8220;fade&#8220; animation_duration=&#8220;1550ms&#8220; animation_delay=&#8220;150ms&#8220;][et_pb_column type=&#8220;1_2&#8243; _builder_version=&#8220;4.9.10&#8243; _module_preset=&#8220;default&#8220;][et_pb_button button_url=&#8220;https:\/\/frauenaerztinnen-im-hain.de\/?page_id=4112&#8243; button_text=&#8220;ERSTTRIMESTER DIAGNOSTIK&#8220; button_alignment=&#8220;center&#8220; _builder_version=&#8220;4.9.10&#8243; _module_preset=&#8220;default&#8220;][\/et_pb_button][\/et_pb_column][et_pb_column type=&#8220;1_2&#8243; _builder_version=&#8220;4.9.10&#8243; _module_preset=&#8220;default&#8220;][et_pb_button button_url=&#8220;https:\/\/frauenaerztinnen-im-hain.de\/?page_id=4114&#8243; button_text=&#8220;DIAGNOSTIK IM 2.-3. TRIMENON&#8220; button_alignment=&#8220;center&#8220; _builder_version=&#8220;4.9.10&#8243; _module_preset=&#8220;default&#8220;][\/et_pb_button][\/et_pb_column][\/et_pb_row][\/et_pb_section][et_pb_section fb_built=&#8220;1&#8243; fullwidth=&#8220;on&#8220; _builder_version=&#8220;4.9.10&#8243; _module_preset=&#8220;default&#8220; locked=&#8220;off&#8220;][et_pb_fullwidth_header title=&#8220; &#8220; subhead=&#8220; &#8220; _builder_version=&#8220;4.9.10&#8243; _module_preset=&#8220;default&#8220; background_color=&#8220;RGBA(0,0,0,0)&#8220; background_image=&#8220;https:\/\/frauenaerztinnen-im-hain.de\/wp-content\/uploads\/2021\/10\/Praxis-FiH-022.jpg&#8220; parallax=&#8220;on&#8220; custom_padding=&#8220;17px|||||&#8220; filter_blur=&#8220;118px&#8220; hover_enabled=&#8220;0&#8243; filter_blur__hover_enabled=&#8220;on|desktop&#8220; filter_blur_last_edited=&#8220;on|phone&#8220; sticky_enabled=&#8220;0&#8243; filter_blur_tablet=&#8220;80px&#8220; filter_blur_phone=&#8220;50px&#8220;]<\/p>\n<p>&nbsp;<\/p>\n<p>&nbsp;<\/p>\n<p>&nbsp;<\/p>\n<p>[\/et_pb_fullwidth_header][\/et_pb_section][et_pb_section fb_built=&#8220;1&#8243; _builder_version=&#8220;4.9.10&#8243; _module_preset=&#8220;default&#8220; global_module=&#8220;4445&#8243;][et_pb_row _builder_version=&#8220;4.9.10&#8243; _module_preset=&#8220;default&#8220; animation_style=&#8220;fade&#8220; animation_duration=&#8220;1550ms&#8220; animation_delay=&#8220;150ms&#8220;][et_pb_column type=&#8220;4_4&#8243; _builder_version=&#8220;4.9.10&#8243; _module_preset=&#8220;default&#8220;][et_pb_text admin_label=&#8220;Text&#8220; _builder_version=&#8220;4.9.10&#8243; _module_preset=&#8220;default&#8220;]<\/p>\n<p>\u00a9 Frauen\u00e4rztinnen Dr. Doris Wendland, Dr. Aur\u00e9lie Meier und Dr. Franziska Ku\u00dfmann | <a href=\"https:\/\/frauenaerztinnen-im-hain.de\/?page_id=48\">Kontakt<\/a>\u00a0|\u00a0<a href=\"https:\/\/frauenaerztinnen-im-hain.de\/?page_id=4439&amp;preview=true\">Impressum<\/a>\u00a0|\u00a0<a href=\"https:\/\/frauenaerztinnen-im-hain.de\/?page_id=4441\">Datenschutzerkl\u00e4rung<\/a><\/p>\n<p>[\/et_pb_text][\/et_pb_column][\/et_pb_row][\/et_pb_section]<\/p>\n","protected":false},"excerpt":{"rendered":"<p>Pr\u00e4nataldiagnostik Im Rahmen der Pr\u00e4nataldiagnostik haben Sie in unserer Praxis die M\u00f6glichkeit durch eine differenzierte Ultraschalldiagnostik und\/oder Laboruntersuchungen m\u00f6gliche Erkrankungen oder Fehlbildungen ihres Kindes fr\u00fchzeitig festzustellen. Wir erkl\u00e4ren Ihnen gleich zu Beginn der Schwangerschaft die M\u00f6glichkeiten und Grenzen einer solchen Diagnostik und beraten Sie welche Untersuchungen zu welchem Zeitpunkt sinnvoll sind. &nbsp; &nbsp; &nbsp; &nbsp;\u00a9 [&hellip;]<\/p>\n","protected":false},"author":2,"featured_media":0,"parent":0,"menu_order":0,"comment_status":"closed","ping_status":"closed","template":"","meta":{"_et_pb_use_builder":"on","_et_pb_old_content":"<!-- wp:divi\/placeholder \/-->","_et_gb_content_width":"","footnotes":""},"class_list":["post-53","page","type-page","status-publish","hentry"],"_links":{"self":[{"href":"https:\/\/frauenaerztinnen-im-hain.de\/index.php?rest_route=\/wp\/v2\/pages\/53","targetHints":{"allow":["GET"]}}],"collection":[{"href":"https:\/\/frauenaerztinnen-im-hain.de\/index.php?rest_route=\/wp\/v2\/pages"}],"about":[{"href":"https:\/\/frauenaerztinnen-im-hain.de\/index.php?rest_route=\/wp\/v2\/types\/page"}],"author":[{"embeddable":true,"href":"https:\/\/frauenaerztinnen-im-hain.de\/index.php?rest_route=\/wp\/v2\/users\/2"}],"replies":[{"embeddable":true,"href":"https:\/\/frauenaerztinnen-im-hain.de\/index.php?rest_route=%2Fwp%2Fv2%2Fcomments&post=53"}],"version-history":[{"count":15,"href":"https:\/\/frauenaerztinnen-im-hain.de\/index.php?rest_route=\/wp\/v2\/pages\/53\/revisions"}],"predecessor-version":[{"id":5419,"href":"https:\/\/frauenaerztinnen-im-hain.de\/index.php?rest_route=\/wp\/v2\/pages\/53\/revisions\/5419"}],"wp:attachment":[{"href":"https:\/\/frauenaerztinnen-im-hain.de\/index.php?rest_route=%2Fwp%2Fv2%2Fmedia&parent=53"}],"curies":[{"name":"wp","href":"https:\/\/api.w.org\/{rel}","templated":true}]}}

Pränataldiagnostik

<p>[et_pb_section fb_built=&#8220;1&#8243; _builder_version=&#8220;4.9.10&#8243; _module_preset=&#8220;default&#8220;][et_pb_row _builder_version=&#8220;4.9.10&#8243; _module_preset=&#8220;default&#8220; animation_style=&#8220;fade&#8220; animation_duration=&#8220;1550ms&#8220; animation_delay=&#8220;150ms&#8220;][et_pb_column type=&#8220;4_4&#8243; _builder_version=&#8220;4.9.10&#8243; _module_preset=&#8220;default&#8220;][et_pb_text _builder_version=&#8220;4.9.10&#8243; _module_preset=&#8220;default&#8220;]</p>
<div id="left-area">
<article id="post-53" class="post-53 page type-page status-publish hentry">
<h3 class="entry-title main_title"><span style="text-decoration: underline;">Pränataldiagnostik</span></h3>
<p><span>Im Rahmen der Pränataldiagnostik haben Sie in unserer Praxis die Möglichkeit durch eine differenzierte  <mark2>Ultraschalldiagnostik </mark2> und/oder <mark2> Laboruntersuchungen </mark2> mögliche Erkrankungen oder Fehlbildungen ihres Kindes frühzeitig festzustellen. Wir erklären Ihnen gleich zu Beginn der Schwangerschaft die Möglichkeiten und Grenzen einer solchen Diagnostik und beraten Sie welche Untersuchungen zu welchem Zeitpunkt sinnvoll sind.</span></p>
<p>&nbsp;</p>
<div class="entry-content"></div>
</article>
</div>
<p>[/et_pb_text][/et_pb_column][/et_pb_row][et_pb_row column_structure=&#8220;1_2,1_2&#8243; _builder_version=&#8220;4.9.10&#8243; _module_preset=&#8220;default&#8220; animation_style=&#8220;fade&#8220; animation_duration=&#8220;1550ms&#8220; animation_delay=&#8220;150ms&#8220;][et_pb_column type=&#8220;1_2&#8243; _builder_version=&#8220;4.9.10&#8243; _module_preset=&#8220;default&#8220;][et_pb_button button_url=&#8220;https://frauenaerztinnen-im-hain.de/?page_id=4112&#8243; button_text=&#8220;ERSTTRIMESTER DIAGNOSTIK&#8220; button_alignment=&#8220;center&#8220; _builder_version=&#8220;4.9.10&#8243; _module_preset=&#8220;default&#8220;][/et_pb_button][/et_pb_column][et_pb_column type=&#8220;1_2&#8243; _builder_version=&#8220;4.9.10&#8243; _module_preset=&#8220;default&#8220;][et_pb_button button_url=&#8220;https://frauenaerztinnen-im-hain.de/?page_id=4114&#8243; button_text=&#8220;DIAGNOSTIK IM 2.-3. TRIMENON&#8220; button_alignment=&#8220;center&#8220; _builder_version=&#8220;4.9.10&#8243; _module_preset=&#8220;default&#8220;][/et_pb_button][/et_pb_column][/et_pb_row][/et_pb_section][et_pb_section fb_built=&#8220;1&#8243; fullwidth=&#8220;on&#8220; _builder_version=&#8220;4.9.10&#8243; _module_preset=&#8220;default&#8220; locked=&#8220;off&#8220;][et_pb_fullwidth_header title=&#8220; &#8220; subhead=&#8220; &#8220; _builder_version=&#8220;4.9.10&#8243; _module_preset=&#8220;default&#8220; background_color=&#8220;RGBA(0,0,0,0)&#8220; background_image=&#8220;https://frauenaerztinnen-im-hain.de/wp-content/uploads/2021/10/Praxis-FiH-022.jpg&#8220; parallax=&#8220;on&#8220; custom_padding=&#8220;17px|||||&#8220; filter_blur=&#8220;118px&#8220; hover_enabled=&#8220;0&#8243; filter_blur__hover_enabled=&#8220;on|desktop&#8220; filter_blur_last_edited=&#8220;on|phone&#8220; sticky_enabled=&#8220;0&#8243; filter_blur_tablet=&#8220;80px&#8220; filter_blur_phone=&#8220;50px&#8220;]</p>
<p>&nbsp;</p>
<p>&nbsp;</p>
<p>&nbsp;</p>
<p>[/et_pb_fullwidth_header][/et_pb_section][et_pb_section fb_built=&#8220;1&#8243; _builder_version=&#8220;4.9.10&#8243; _module_preset=&#8220;default&#8220; global_module=&#8220;4445&#8243;][et_pb_row _builder_version=&#8220;4.9.10&#8243; _module_preset=&#8220;default&#8220; animation_style=&#8220;fade&#8220; animation_duration=&#8220;1550ms&#8220; animation_delay=&#8220;150ms&#8220;][et_pb_column type=&#8220;4_4&#8243; _builder_version=&#8220;4.9.10&#8243; _module_preset=&#8220;default&#8220;][et_pb_text admin_label=&#8220;Text&#8220; _builder_version=&#8220;4.9.10&#8243; _module_preset=&#8220;default&#8220;]</p>
<p>© Frauenärztinnen Dr. Doris Wendland, Dr. Aurélie Meier und Dr. Franziska Kußmann | <a href="https://frauenaerztinnen-im-hain.de/?page_id=48">Kontakt</a> | <a href="https://frauenaerztinnen-im-hain.de/?page_id=4439&amp;preview=true">Impressum</a> | <a href="https://frauenaerztinnen-im-hain.de/?page_id=4441">Datenschutzerklärung</a></p>
<p>[/et_pb_text][/et_pb_column][/et_pb_row][/et_pb_section]</p>

<p>Pränataldiagnostik Im Rahmen der Pränataldiagnostik haben Sie in unserer Praxis die Möglichkeit durch eine differenzierte Ultraschalldiagnostik und/oder Laboruntersuchungen mögliche Erkrankungen oder Fehlbildungen ihres Kindes frühzeitig festzustellen. Wir erklären Ihnen gleich zu Beginn der Schwangerschaft die Möglichkeiten und Grenzen einer solchen Diagnostik und beraten Sie welche Untersuchungen zu welchem Zeitpunkt sinnvoll sind. &nbsp; &nbsp; &nbsp; &nbsp;© [&hellip;]</p>
