{"id":74,"date":"2021-08-09T08:50:08","date_gmt":"2021-08-09T08:50:08","guid":{"rendered":"https:\/\/frauenaerztinnen-im-hain.de\/?page_id=74"},"modified":"2022-05-23T08:44:40","modified_gmt":"2022-05-23T08:44:40","slug":"schwangerschaftsvorsorge","status":"publish","type":"page","link":"https:\/\/frauenaerztinnen-im-hain.de\/?page_id=74","title":{"rendered":"Schwangerschaftsvorsorge"},"content":{"rendered":"<p>[et_pb_section fb_built=&#8220;1&#8243; fullwidth=&#8220;on&#8220; _builder_version=&#8220;4.9.10&#8243; _module_preset=&#8220;default&#8220; custom_padding=&#8220;||1px|||&#8220; animation_style=&#8220;fade&#8220; animation_duration=&#8220;1550ms&#8220; animation_delay=&#8220;150ms&#8220; box_shadow_style=&#8220;preset2&#8243; locked=&#8220;off&#8220;][et_pb_fullwidth_header title=&#8220; Schwangerschaftsvorsorge&#8220; _builder_version=&#8220;4.9.10&#8243; _module_preset=&#8220;default&#8220; title_text_align=&#8220;center&#8220; title_font_size=&#8220;60px&#8220; subhead_text_align=&#8220;center&#8220; background_color=&#8220;RGBA(0,0,0,0)&#8220; background_image=&#8220;https:\/\/frauenaerztinnen-im-hain.de\/wp-content\/uploads\/2021\/11\/Praxis-FiH-030_2.jpg&#8220; custom_padding=&#8220;200px||200px|||&#8220; custom_padding_tablet=&#8220;60px||60px||false|false&#8220; custom_padding_phone=&#8220;30px||30px||false|false&#8220; custom_padding_last_edited=&#8220;on|desktop&#8220; title_font_size_tablet=&#8220;44px&#8220; title_font_size_phone=&#8220;24px&#8220; title_font_size_last_edited=&#8220;on|phone&#8220; text_shadow_style=&#8220;preset2&#8243;][\/et_pb_fullwidth_header][\/et_pb_section][et_pb_section fb_built=&#8220;1&#8243; _builder_version=&#8220;4.9.10&#8243; _module_preset=&#8220;default&#8220;][et_pb_row _builder_version=&#8220;4.9.10&#8243; _module_preset=&#8220;default&#8220; animation_style=&#8220;fade&#8220; animation_duration=&#8220;1550ms&#8220; animation_delay=&#8220;150ms&#8220;][et_pb_column type=&#8220;4_4&#8243; _builder_version=&#8220;4.9.10&#8243; _module_preset=&#8220;default&#8220;][et_pb_image src=&#8220;https:\/\/frauenaerztinnen-im-hain.de\/wp-content\/uploads\/2021\/11\/eine_1.png&#8220; title_text=&#8220;eine_1&#8243; _builder_version=&#8220;4.9.10&#8243; _module_preset=&#8220;default&#8220;][\/et_pb_image][et_pb_text _builder_version=&#8220;4.9.10&#8243; _module_preset=&#8220;default&#8220; hover_enabled=&#8220;0&#8243; sticky_enabled=&#8220;0&#8243;]<\/p>\n<div id=\"left-area\">\n<article id=\"post-74\" class=\"post-74 page type-page status-publish hentry\">\n<h3 class=\"p1\"><\/h3>\n<h3 class=\"p5\"><span class=\"s1\">Geteilte Vorsorge <\/span><em><span class=\"s1\">\u2013 Ganzheitliche Betreuung durch <strong>\u00c4rztin<\/strong> und <strong>Hebamme<\/strong><\/span><\/em><\/h3>\n<p><span class=\"s1\"><\/span><\/p>\n<p><span class=\"s1\"><\/span><\/p>\n<p class=\"p3\"><span class=\"s1\">In unserer Praxis k\u00f6nnen Sie w\u00e4hlen<\/span><span class=\"s1\">, ob sie eine rein \u00e4rztliche Betreuung in der Schwangerschaft w\u00fcnschen oder an dem Modell der geteilten Vorsorge teilnehmen m\u00f6chten.<\/span><\/p>\n<p class=\"p3\"><span class=\"s1\">In der geteilten Vorsorge werden Sie sowohl von einer unserer Hebammen als auch von einer \u00c4rztin im Wechsel betreut. Wir empfinden die geteilte Vorsorge als besonders wertvoll, da Sie so von den unterschiedlichen Herangehensweisen und Sichtweisen beider Berufsgruppen profitieren k\u00f6nnen. Zus\u00e4tzlich k\u00f6nnen Sie so erste Kontakte zu einer potenziellen Nachsorgehebamme oder Klinik-Hebamme kn\u00fcpfen und sich bereits in der Schwangerschaft bez\u00fcglich Entbindung, Wochenbett und der Stillzeit von verschiedenen Seiten beraten lassen. <span class=\"Apple-converted-space\">\u00a0 \u00a0<\/span><\/span><\/p>\n<p class=\"p3\"><span class=\"s1\">Machen Sie sich gerne selbst ein Bild von unseren drei <\/span><span class=\"s2\"><a href=\"https:\/\/frauenaerztinnen-im-hain.de\/?page_id=68\">Hebammen<\/a> <\/span><span class=\"s1\">und entscheiden Sie, welches Modell f\u00fcr Sie das Richtige ist.<\/span><\/p>\n<\/article>\n<\/div>\n<p>[\/et_pb_text][\/et_pb_column][\/et_pb_row][et_pb_row _builder_version=&#8220;4.9.10&#8243; _module_preset=&#8220;default&#8220;][et_pb_column type=&#8220;4_4&#8243; _builder_version=&#8220;4.9.10&#8243; _module_preset=&#8220;default&#8220;][\/et_pb_column][\/et_pb_row][et_pb_row column_structure=&#8220;1_2,1_2&#8243; _builder_version=&#8220;4.9.10&#8243; _module_preset=&#8220;default&#8220; animation_style=&#8220;fade&#8220; animation_duration=&#8220;1550ms&#8220; animation_delay=&#8220;150ms&#8220;][et_pb_column type=&#8220;1_2&#8243; _builder_version=&#8220;4.9.10&#8243; _module_preset=&#8220;default&#8220;][et_pb_text _builder_version=&#8220;4.9.10&#8243; _module_preset=&#8220;default&#8220; custom_padding=&#8220;||1px|||&#8220;]<\/p>\n<h3 class=\"p5\"><span style=\"text-decoration: underline;\"><span class=\"s1\">Rundum sicher &#8211; die Pr\u00e4natalsprechstunde<\/span><\/span><\/h3>\n<p><span style=\"text-decoration: underline;\"><span class=\"s1\"><\/span><\/span><\/p>\n<p class=\"p3\"><span class=\"s1\">Zus\u00e4tzlich zu der regul\u00e4ren Schwangerschaftsvorsorge k\u00f6nnen wir Ihnen im Rahmen der Pr\u00e4natalsprechstunde eine zus\u00e4tzliche Betreuung in der Schwangerschaft bieten ohne, dass Sie hierf\u00fcr einen Termin au\u00dferhalb in einer Spezialpraxis oder Klinik wahrnehmen m\u00fcssen.<\/span><\/p>\n<p class=\"p3\"><span class=\"s1\">Frau Dr. Wendland hat als hoch qualifizierte und erfahrene <strong>DEGUM II-Ultraschallexpertin<\/strong> ihr Baby und Sie voll und ganz im Blick. Erkundigen Sie sich gerne, welche Leistungen wir Ihnen im Rahmen der <\/span><span class=\"s2\"><a href=\"https:\/\/frauenaerztinnen-im-hain.de\/?page_id=53\">Pr\u00e4natalsprechstunde<\/a> <\/span><span class=\"s1\">anbieten k\u00f6nnen.<\/span><\/p>\n<p>[\/et_pb_text][\/et_pb_column][et_pb_column type=&#8220;1_2&#8243; _builder_version=&#8220;4.9.10&#8243; _module_preset=&#8220;default&#8220;][et_pb_image src=&#8220;https:\/\/frauenaerztinnen-im-hain.de\/wp-content\/uploads\/2021\/11\/Praxis-FiH-002_2.jpg&#8220; alt=&#8220;Fenster zum Hof&#8220; title_text=&#8220;Fenster zum Hof&#8220; align=&#8220;center&#8220; _builder_version=&#8220;4.9.10&#8243; _module_preset=&#8220;default&#8220; max_height=&#8220;539px&#8220; custom_padding=&#8220;||0px|||&#8220; box_shadow_style=&#8220;preset2&#8243; min_height__hover_enabled=&#8220;on|desktop&#8220;][\/et_pb_image][\/et_pb_column][\/et_pb_row][et_pb_row _builder_version=&#8220;4.9.10&#8243; _module_preset=&#8220;default&#8220; animation_style=&#8220;fade&#8220; animation_duration=&#8220;1550ms&#8220; animation_delay=&#8220;150ms&#8220;][et_pb_column type=&#8220;4_4&#8243; _builder_version=&#8220;4.9.10&#8243; _module_preset=&#8220;default&#8220;][et_pb_text _builder_version=&#8220;4.9.10&#8243; _module_preset=&#8220;default&#8220;]<\/p>\n<h3 class=\"p5\"><span style=\"text-decoration: underline;\"><span class=\"s1\">Zus\u00e4tzliche Leistungen in der Schwangerschaft<\/span><\/span><\/h3>\n<p class=\"p3\"><span class=\"s1\"><\/span><\/p>\n<p class=\"p3\"><span class=\"s1\">Zus\u00e4tzlich zu den gesetzlich vorgeschriebenen Untersuchungen in der Schwangerschaft gibt es eine Reihe an Leistungen, die Sie in der Schwangerschaft wahrnehmen k\u00f6nnen. In einigen F\u00e4llen ist es sinnvoll und ratsam \u00fcber zus\u00e4tzliche Untersuchungen nachzudenken, die nicht oder nur zum Teil von den gesetzlichen Krankenkassen bezahlt werden. Gerne beraten wir Sie, ob und wenn ja welche Zusatzuntersuchungen f\u00fcr Sie in Frage kommen.<\/span><\/p>\n<p class=\"p3\"><span class=\"s1\"><strong>Einige dieser Zusatzleistungen sind:<\/strong><br \/><\/span><\/p>\n<p class=\"p3\"><span class=\"s1\"><\/span><\/p>\n<ul>\n<li style=\"list-style-type: none;\">\n<ul>\n<li style=\"list-style-type: none;\">\n<ul>\n<li style=\"list-style-type: none;\">\n<ul>\n<li class=\"li3\"><span class=\"s1\">Laborchemische Untersuchungen auf durchgemachte oder akute Infektionen, wie z.B.: Cytomegalievirus, Toxoplasmose, Varizella zoster Virus, Ringelr\u00f6teln<\/span><\/li>\n<li class=\"li3\"><span class=\"s1\">Laborchemische Bestimmung der Schilddr\u00fcsenwerte<\/span><\/li>\n<li class=\"li3\"><span class=\"s1\">Abstrich auf \u00df-Streptokokken<\/span><\/li>\n<li class=\"li3\"><span class=\"s1\">Akupunktur durch unsere <a href=\"https:\/\/frauenaerztinnen-im-hain.de\/?page_id=68\">Hebammen <\/a>, z.B. bei Schwangerschaftsbeschwerden oder geburtsvorbereitend<\/span><\/li>\n<li class=\"li3\"><span class=\"s1\"><a href=\"https:\/\/frauenaerztinnen-im-hain.de\/?page_id=88\">Kinesotaping<\/a><\/span><\/li>\n<li class=\"li3\"><span class=\"s1\"><a href=\"https:\/\/frauenaerztinnen-im-hain.de\/?page_id=53\">Pr\u00e4eklampsie-Screening<\/a><\/span><\/li>\n<li class=\"li3\"><span class=\"s1\"><a href=\"https:\/\/frauenaerztinnen-im-hain.de\/?page_id=53\">Ersttrimester-Screening<\/a><\/span><\/li>\n<li class=\"li3\"><span class=\"s1\"><a href=\"https:\/\/frauenaerztinnen-im-hain.de\/?page_id=53\">Chromosomenanalyse aus m\u00fctterlichem Blut<\/a> (NIPT)<\/span><\/li>\n<li class=\"li3\"><span class=\"s1\"><a href=\"https:\/\/frauenaerztinnen-im-hain.de\/?page_id=53\">Feindiagnostik 2. \u2013 3. Trimenon<\/a><\/span><\/li>\n<li class=\"li3\"><span class=\"s1\"><a href=\"https:\/\/frauenaerztinnen-im-hain.de\/?page_id=53\">Kindliche Echokardiographie<\/a>\u00a0<\/span><\/li>\n<li class=\"li7\"><span class=\"s1\">Zus\u00e4tzliche Ultraschalltermine w\u00e4hrend der Schwangerschaft<\/span><\/li>\n<li class=\"li7\"><span class=\"s1\">3D\/4D<\/span><\/li>\n<li class=\"li7\"><span class=\"s1\">Dopplerflussmessungen zur \u00dcberpr\u00fcfung der kindlichen Versorgung<\/span><\/li>\n<li class=\"li3\"><span class=\"s1\">\u201eGro\u00dfer Zuckertest\u201c (ausf\u00fchrlichere Untersuchung auf Schwangerschaftsdiabetes)<\/span><\/li>\n<\/ul>\n<\/li>\n<\/ul>\n<\/li>\n<\/ul>\n<\/li>\n<\/ul>\n<p>[\/et_pb_text][\/et_pb_column][\/et_pb_row][\/et_pb_section][et_pb_section fb_built=&#8220;1&#8243; fullwidth=&#8220;on&#8220; _builder_version=&#8220;4.9.10&#8243; _module_preset=&#8220;default&#8220; locked=&#8220;off&#8220;][et_pb_fullwidth_header title=&#8220; &#8220; subhead=&#8220; &#8220; _builder_version=&#8220;4.9.10&#8243; _module_preset=&#8220;default&#8220; background_color=&#8220;RGBA(0,0,0,0)&#8220; background_image=&#8220;https:\/\/frauenaerztinnen-im-hain.de\/wp-content\/uploads\/2021\/11\/Praxis-FiH-022_2_FUssZEILE.jpg&#8220; parallax=&#8220;on&#8220; custom_padding=&#8220;17px|||||&#8220; filter_blur=&#8220;118px&#8220; filter_blur_tablet=&#8220;80px&#8220; filter_blur_phone=&#8220;50px&#8220; filter_blur_last_edited=&#8220;on|tablet&#8220; filter_blur__hover_enabled=&#8220;on|desktop&#8220;]<\/p>\n<p>&nbsp;<\/p>\n<p>&nbsp;<\/p>\n<p>&nbsp;<\/p>\n<p>[\/et_pb_fullwidth_header][\/et_pb_section][et_pb_section fb_built=&#8220;1&#8243; _builder_version=&#8220;4.9.10&#8243; _module_preset=&#8220;default&#8220; global_module=&#8220;4445&#8243;][et_pb_row _builder_version=&#8220;4.9.10&#8243; _module_preset=&#8220;default&#8220; animation_style=&#8220;fade&#8220; animation_duration=&#8220;1550ms&#8220; animation_delay=&#8220;150ms&#8220;][et_pb_column type=&#8220;4_4&#8243; _builder_version=&#8220;4.9.10&#8243; _module_preset=&#8220;default&#8220;][et_pb_text admin_label=&#8220;Text&#8220; _builder_version=&#8220;4.9.10&#8243; _module_preset=&#8220;default&#8220; min_height=&#8220;47.3px&#8220; custom_padding=&#8220;8px|||||&#8220;]<\/p>\n<p>\u00a9 Frauen\u00e4rztinnen Dr. Doris Wendland, Dr. Aur\u00e9lie Meier und Dr. Franziska Ku\u00dfmann | <a href=\"https:\/\/frauenaerztinnen-im-hain.de\/?page_id=48\">Kontakt<\/a>\u00a0|\u00a0<a href=\"https:\/\/frauenaerztinnen-im-hain.de\/?page_id=5424&amp;preview=true\">Impressum<\/a>\u00a0|\u00a0<a href=\"https:\/\/frauenaerztinnen-im-hain.de\/?page_id=4441\">Datenschutzerkl\u00e4rung<\/a><\/p>\n<p>[\/et_pb_text][\/et_pb_column][\/et_pb_row][\/et_pb_section]<\/p>\n","protected":false},"excerpt":{"rendered":"<p>Geteilte Vorsorge \u2013 Ganzheitliche Betreuung durch \u00c4rztin und Hebamme In unserer Praxis k\u00f6nnen Sie w\u00e4hlen, ob sie eine rein \u00e4rztliche Betreuung in der Schwangerschaft w\u00fcnschen oder an dem Modell der geteilten Vorsorge teilnehmen m\u00f6chten. In der geteilten Vorsorge werden Sie sowohl von einer unserer Hebammen als auch von einer \u00c4rztin im Wechsel betreut. Wir empfinden [&hellip;]<\/p>\n","protected":false},"author":2,"featured_media":0,"parent":0,"menu_order":0,"comment_status":"closed","ping_status":"closed","template":"","meta":{"_et_pb_use_builder":"on","_et_pb_old_content":"<!-- wp:divi\/placeholder \/-->","_et_gb_content_width":"","footnotes":""},"class_list":["post-74","page","type-page","status-publish","hentry"],"_links":{"self":[{"href":"https:\/\/frauenaerztinnen-im-hain.de\/index.php?rest_route=\/wp\/v2\/pages\/74","targetHints":{"allow":["GET"]}}],"collection":[{"href":"https:\/\/frauenaerztinnen-im-hain.de\/index.php?rest_route=\/wp\/v2\/pages"}],"about":[{"href":"https:\/\/frauenaerztinnen-im-hain.de\/index.php?rest_route=\/wp\/v2\/types\/page"}],"author":[{"embeddable":true,"href":"https:\/\/frauenaerztinnen-im-hain.de\/index.php?rest_route=\/wp\/v2\/users\/2"}],"replies":[{"embeddable":true,"href":"https:\/\/frauenaerztinnen-im-hain.de\/index.php?rest_route=%2Fwp%2Fv2%2Fcomments&post=74"}],"version-history":[{"count":51,"href":"https:\/\/frauenaerztinnen-im-hain.de\/index.php?rest_route=\/wp\/v2\/pages\/74\/revisions"}],"predecessor-version":[{"id":5544,"href":"https:\/\/frauenaerztinnen-im-hain.de\/index.php?rest_route=\/wp\/v2\/pages\/74\/revisions\/5544"}],"wp:attachment":[{"href":"https:\/\/frauenaerztinnen-im-hain.de\/index.php?rest_route=%2Fwp%2Fv2%2Fmedia&parent=74"}],"curies":[{"name":"wp","href":"https:\/\/api.w.org\/{rel}","templated":true}]}}