{"id":88,"date":"2021-08-09T08:51:52","date_gmt":"2021-08-09T08:51:52","guid":{"rendered":"https:\/\/frauenaerztinnen-im-hain.de\/?page_id=88"},"modified":"2021-11-13T10:09:50","modified_gmt":"2021-11-13T10:09:50","slug":"igel-leistungen","status":"publish","type":"page","link":"https:\/\/frauenaerztinnen-im-hain.de\/?page_id=88","title":{"rendered":"IGEL Leistungen"},"content":{"rendered":"<p>[et_pb_section fb_built=&#8220;1&#8243; fullwidth=&#8220;on&#8220; _builder_version=&#8220;4.9.10&#8243; _module_preset=&#8220;default&#8220; box_shadow_style=&#8220;preset2&#8243; locked=&#8220;off&#8220;][et_pb_fullwidth_header title=&#8220;IGeL Leistungen \u2013 f\u00fcr mehr Sicherheit und Gesundheit&#8220; _builder_version=&#8220;4.9.10&#8243; _module_preset=&#8220;default&#8220; title_text_align=&#8220;center&#8220; title_font_size=&#8220;60px&#8220; subhead_text_align=&#8220;center&#8220; background_color=&#8220;RGBA(0,0,0,0)&#8220; background_image=&#8220;https:\/\/frauenaerztinnen-im-hain.de\/wp-content\/uploads\/2021\/11\/Praxis-FiH-015_3.jpg&#8220; custom_padding=&#8220;200px||200px|||&#8220; custom_padding_tablet=&#8220;60px||60px||false|false&#8220; custom_padding_phone=&#8220;30px||30px||false|false&#8220; custom_padding_last_edited=&#8220;on|phone&#8220; animation_style=&#8220;fade&#8220; animation_duration=&#8220;1550ms&#8220; animation_delay=&#8220;150ms&#8220; title_font_size_tablet=&#8220;44px&#8220; title_font_size_phone=&#8220;30px&#8220; title_font_size_last_edited=&#8220;on|desktop&#8220; text_shadow_style=&#8220;preset1&#8243;][\/et_pb_fullwidth_header][\/et_pb_section][et_pb_section fb_built=&#8220;1&#8243; _builder_version=&#8220;4.9.10&#8243; _module_preset=&#8220;default&#8220; width=&#8220;100%&#8220; custom_padding=&#8220;||0px|||&#8220;][et_pb_row _builder_version=&#8220;4.9.10&#8243; _module_preset=&#8220;default&#8220;][et_pb_column type=&#8220;4_4&#8243; _builder_version=&#8220;4.9.10&#8243; _module_preset=&#8220;default&#8220;][et_pb_text _builder_version=&#8220;4.9.10&#8243; _module_preset=&#8220;default&#8220;]<\/p>\n<blockquote>\n<p>Im Rahmen der gyn\u00e4kologischen Untersuchung und Diagnostik werden einige Leistungen nicht oder nur zum Teil von Ihrer Krankenkasse \u00fcbernommen. Wir beraten Sie gerne im pers\u00f6nlichen Gespr\u00e4ch, welche Zusatzleistungen in Ihrem Fall sinnvoll und ratenswert w\u00e4ren. Hier haben wir f\u00fcr Sie einen \u00dcberblick \u00fcber die m\u00f6glichen zus\u00e4tzlichen Leistungen zusammengestellt:<\/p>\n<\/blockquote>\n<p>[\/et_pb_text][\/et_pb_column][\/et_pb_row][\/et_pb_section][et_pb_section fb_built=&#8220;1&#8243; _builder_version=&#8220;4.9.10&#8243; _module_preset=&#8220;default&#8220; width=&#8220;99.5%&#8220;][et_pb_row column_structure=&#8220;1_2,1_2&#8243; _builder_version=&#8220;4.9.10&#8243; _module_preset=&#8220;default&#8220; animation_style=&#8220;fade&#8220; animation_duration=&#8220;1550ms&#8220; animation_delay=&#8220;150ms&#8220;][et_pb_column type=&#8220;1_2&#8243; _builder_version=&#8220;4.9.10&#8243; _module_preset=&#8220;default&#8220;][et_pb_text _builder_version=&#8220;4.9.10&#8243; _module_preset=&#8220;default&#8220;]<\/p>\n<h3 class=\"p3\"><span style=\"text-decoration: underline;\"><span class=\"s1\">Vaginalultraschall<\/span><\/span><\/h3>\n<p><span class=\"s1\"><\/span><\/p>\n<p><span class=\"s1\">Einige Ver\u00e4nderungen der Geb\u00e4rmutterh\u00f6hle oder auch der Eierst\u00f6cke (z.B. Myome, Polypen, Zysten oder Geb\u00e4rmutterschleimhautver\u00e4nderungen) sind durch die Tastuntersuchung nicht erkennbar. Durch die vaginale Ultraschalluntersuchung k\u00f6nnen jedoch oftmals Ver\u00e4nderungen in diesen Organen schon <mark2>fr\u00fchzeitg sichtbar<\/mark2> gemacht und entsprechende Behandlunge<\/span><span class=\"s1\">n ergriffen werden.<\/span><\/p>\n<p class=\"p3\"><span class=\"s1\">Eine Ultraschalluntersuchung der inneren Geschlechtsorgane erfolgt mit einer speziellen Ultraschallsonde, die in die Scheide eingef\u00fchrt wird (Vaginalsonographie). Hierbei k\u00f6nnen die Geb\u00e4rmutterschleimhaut sowie die Eierst\u00f6cke und angrenzende Organe wie z.B. die Harnblase oder der Enddarm beurteilt werden.<\/span><\/p>\n<p>[\/et_pb_text][\/et_pb_column][et_pb_column type=&#8220;1_2&#8243; _builder_version=&#8220;4.9.10&#8243; _module_preset=&#8220;default&#8220;][et_pb_image src=&#8220;https:\/\/frauenaerztinnen-im-hain.de\/wp-content\/uploads\/2021\/11\/Praxis-FiH-014_2.jpg&#8220; alt=&#8220;Gl\u00e4ser und Wasserbeh\u00e4ter im Wartezimmer&#8220; title_text=&#8220;Gl\u00e4ser und Wasserbeh\u00e4lter im Wartezimmer&#8220; align=&#8220;center&#8220; _builder_version=&#8220;4.9.10&#8243; _module_preset=&#8220;default&#8220; module_alignment=&#8220;center&#8220; max_height=&#8220;286px&#8220; custom_margin=&#8220;60px||||false|false&#8220; custom_margin_tablet=&#8220;&#8220; custom_margin_phone=&#8220;&#8220; custom_margin_last_edited=&#8220;on|phone&#8220; custom_padding=&#8220;||||false|false&#8220; box_shadow_style=&#8220;preset2&#8243;][\/et_pb_image][\/et_pb_column][\/et_pb_row][\/et_pb_section][et_pb_section fb_built=&#8220;1&#8243; _builder_version=&#8220;4.9.10&#8243; _module_preset=&#8220;default&#8220; custom_margin=&#8220;-17px|||||&#8220; custom_padding=&#8220;0px|3px||||&#8220;][et_pb_row column_structure=&#8220;1_2,1_2&#8243; _builder_version=&#8220;4.9.10&#8243; _module_preset=&#8220;default&#8220; animation_style=&#8220;fade&#8220; animation_duration=&#8220;1550ms&#8220; animation_delay=&#8220;150ms&#8220;][et_pb_column type=&#8220;1_2&#8243; _builder_version=&#8220;4.9.10&#8243; _module_preset=&#8220;default&#8220;][et_pb_image src=&#8220;https:\/\/frauenaerztinnen-im-hain.de\/wp-content\/uploads\/2021\/11\/Praxis-FiH-024_2.jpg&#8220; alt=&#8220;Flur und Rezeption&#8220; title_text=&#8220;Flur und Rezeption&#8220; align=&#8220;center&#8220; _builder_version=&#8220;4.9.10&#8243; _module_preset=&#8220;default&#8220; custom_margin=&#8220;3%|||5%|false|false&#8220; custom_margin_tablet=&#8220;&#8220; custom_margin_phone=&#8220;3%|||0%|false|false&#8220; custom_margin_last_edited=&#8220;on|phone&#8220; box_shadow_style=&#8220;preset2&#8243;][\/et_pb_image][\/et_pb_column][et_pb_column type=&#8220;1_2&#8243; _builder_version=&#8220;4.9.10&#8243; _module_preset=&#8220;default&#8220;][et_pb_text _builder_version=&#8220;4.9.10&#8243; _module_preset=&#8220;default&#8220;]<\/p>\n<h3 class=\"p3\" style=\"text-align: left;\"><span style=\"text-decoration: underline;\"><span class=\"s1\">Brust-Ultraschall \/ Mamma-Sonographie<\/span><\/span><\/h3>\n<p><span style=\"text-decoration: underline;\"><span class=\"s1\"><\/span><\/span><\/p>\n<p class=\"p3\" style=\"text-align: left;\"><span class=\"s1\">Ab dem 30. Lebensjahr zahlt die gesetzliche Krankenversicherung die j\u00e4hrliche Tastuntersuchung der Brust. Ab dem 50. Lebensjahr wird jede Frau alle zwei Jahre im Rahmen des Brustkrebsscreenings zur mammographischen Kontrolluntersuchung eingeladen (s. auch <a href=\"https:\/\/frauenaerztinnen-im-hain.de\/?page_id=72\">Krebsvorsorge<\/a> <\/span><span class=\"s1\">).<\/span><\/p>\n<p class=\"p3\"><span class=\"s1\">Zus\u00e4tzlich hierzu ist es m\u00f6glich, eine Ultraschalluntersuchung der Brust durchf\u00fchren zu lassen. Wichtig f\u00fcr Sie zu wissen ist, dass bei einem auff\u00e4lligen Tastbefund der Brust oder einer auff\u00e4lligen Mammographie immer eine erg\u00e4nzende Ultraschalluntersuchung durchgef\u00fchrt wird und auch von der Krankenkasse \u00fcbernommen wird.<\/span><\/p>\n<p class=\"p3\"><span class=\"s1\">Mittels des Brust-Ultraschalls k\u00f6nnen allerdings auch kleine Befunde entdeckt werden, die in der Tastuntersuchung nicht auffallen oder auf Grund der Struktur, z.B. bei dichtem Brustdr\u00fcsengewebe, mittels Mammographie nicht dargestellt werden k\u00f6nnen.<\/span><\/p>\n<p class=\"p3\"><span class=\"s1\">Der Brust-Ultraschall stellt eine <mark2>schmerzlose Verbesserung der Krebsfr\u00fcherkennung<\/mark2> dar und ist insbesondere bei dichter Bruststruktur und bei Frauen mit famili\u00e4rer Vorbelastung eine sinnvolle Erg\u00e4nzung zur Mammographie.<\/span><\/p>\n<p class=\"p3\"><span class=\"s1\">Falls in Ihrer Familie Angeh\u00f6rige von einer Brust- oder Eierstockskrebserkrankung betroffen sind, gibt es unter bestimmten Voraussetzungen die M\u00f6glichkeit, Sie im Rahmen der intensivierten Krebsfr\u00fcherkennung zu betreuen. Hier werden Ihnen auch einige zus\u00e4tzliche Leistungen von den Krankenkassen erstattet. Sprechen Sie uns diesbez\u00fcglich an!<\/span><\/p>\n<p>[\/et_pb_text][\/et_pb_column][\/et_pb_row][et_pb_row _builder_version=&#8220;4.9.10&#8243; _module_preset=&#8220;default&#8220; animation_style=&#8220;fade&#8220; animation_duration=&#8220;1550ms&#8220; animation_delay=&#8220;150ms&#8220;][et_pb_column type=&#8220;4_4&#8243; _builder_version=&#8220;4.9.10&#8243; _module_preset=&#8220;default&#8220;][et_pb_text _builder_version=&#8220;4.9.10&#8243; _module_preset=&#8220;default&#8220;]<\/p>\n<h3 class=\"p3\"><span style=\"text-decoration: underline;\"><span class=\"s1\">ThinPrep &#8211; PAP \u2013 Test<\/span><\/span><\/h3>\n<p><span style=\"text-decoration: underline;\"><span class=\"s1\"><\/span><\/span><\/p>\n<p class=\"p3\"><span class=\"s1\">Der konventionelle &#8222;Pap-Test&#8220; (= Abstrich des Geb\u00e4rmutterhalses zur Erkennung von Ver\u00e4nderungen am Geb\u00e4rmutterhals) weist leider einige methodisch bedingte Schw\u00e4chen auf, die zu einer verminderten Erkennungsquote der ver\u00e4nderten Zellen f\u00fchrt.<\/span><\/p>\n<p class=\"p3\"><span class=\"s1\">Durch eine verbesserte Konservierung der gewonnen Zellen in speziellen Fl\u00fcssigkeiten und durch die aufwendige technische Bearbeitung des Materials durch Reinigung von Blut und Schleim resultiert beim &#8222;ThinPrep&#8220; letztlich eine deutlich verbesserte Probenqualit\u00e4t mit <mark2>h\u00f6herer Erkennungsquote und Pr\u00e4zision.<\/mark2><\/span><\/p>\n<p class=\"p3\"><span class=\"s1\"><\/span><\/p>\n<p class=\"p3\"><span class=\"s1\"><\/span><\/p>\n<h3 class=\"p3\"><span style=\"text-decoration: underline;\"><span class=\"s1\">HPV-Test<\/span><\/span><\/h3>\n<p><span style=\"text-decoration: underline;\"><span class=\"s1\"><\/span><\/span><\/p>\n<p class=\"p3\"><span class=\"s1\">Auf Wunsch kann ein HPV -Test auch vor dem 35.Lebensjahr bereits durchgef\u00fchrt werden. Weitere Informationen bzgl. HPV finden Sie unter &#8218;<a href=\"https:\/\/frauenaerztinnen-im-hain.de\/?page_id=56\">Dysplasiesprechstunde<\/a>&#8218; <\/span><span class=\"s1\">.<\/span><\/p>\n<p>[\/et_pb_text][\/et_pb_column][\/et_pb_row][et_pb_row _builder_version=&#8220;4.9.10&#8243; _module_preset=&#8220;default&#8220; animation_style=&#8220;fade&#8220; animation_duration=&#8220;1550ms&#8220; animation_delay=&#8220;150ms&#8220;][et_pb_column type=&#8220;4_4&#8243; _builder_version=&#8220;4.9.10&#8243; _module_preset=&#8220;default&#8220;][et_pb_text _builder_version=&#8220;4.9.10&#8243; _module_preset=&#8220;default&#8220; custom_padding=&#8220;||4px|||&#8220;]<\/p>\n<p class=\"p3\"><span class=\"s1\"><b>PAP &#8211; Abstrich<\/b><\/span><\/p>\n<p class=\"p3\"><span class=\"s1\">Wie bereits beim Thema <a href=\"https:\/\/frauenaerztinnen-im-hain.de\/?page_id=72\">Krebsvorsorge<\/a> <\/span><span class=\"s1\">erw\u00e4hnt, wird der&#8220; PAP-Abstrich&#8220; (= Abstrich des Geb\u00e4rmutterhalses) seit 2020 f\u00fcr Frauen ab 35 Jahren alle 3 Jahre von der Krankenkasse erstattet (inkl. eines HPV-Tests).<\/span><\/p>\n<p class=\"p3\"><span class=\"s1\">Falls Sie zwischen der regul\u00e4ren Vorsorge eine Kontrolluntersuchung mittels Pap-Abstrich w\u00fcnschen, k\u00f6nnen wir diese gerne durchf\u00fchren.<\/span><\/p>\n<p class=\"p3\">[\/et_pb_text][et_pb_text _builder_version=&#8220;4.9.10&#8243; _module_preset=&#8220;default&#8220; custom_margin=&#8220;|||5%|false|false&#8220;]<\/p>\n<p class=\"p2\" style=\"padding-left: 520px;\"><span class=\"s1\"><b><\/b><\/span><\/p>\n<ul class=\"ul1\">\n<li class=\"li3\"><span class=\"s3\"><\/span><span class=\"s1\"><b>Was mache ich, wenn meine Geb\u00e4rmutter bereits entfernt wurde?<\/b><\/span><\/li>\n<\/ul>\n<p class=\"p3\"><span class=\"s1\">Bei Patientinnen, die bereits eine Geb\u00e4rmutterentfernung hatten, ist die Durchf\u00fchrung eines PAP-Abstrichs seit 2020 nicht mehr durch die Krankenkassen erstattungsf\u00e4hig. Wurde die Geb\u00e4rmutter auf Grund einer Erkrankung des Geb\u00e4rmutterhalses entfernt oder hatten Sie bereits Geb\u00e4rmutterhalsver\u00e4nderungen vor Entfernung der Geb\u00e4rmutter, empfehlen wir dennoch die Durchf\u00fchrung eines Abstriches, da sich auch im Bereich der Scheide ver\u00e4nderte Zellen absiedeln k\u00f6nnen, die mit blo\u00dfem Auge nicht erkennbar sind. Diese k\u00f6nnen durch den Abstrich am Scheidenende fr\u00fchzeitig erkannt werden und so einer m\u00f6glichen b\u00f6sartigen Ver\u00e4nderung vorgewirkt werden.<\/span><\/p>\n<p>[\/et_pb_text][\/et_pb_column][\/et_pb_row][\/et_pb_section][et_pb_section fb_built=&#8220;1&#8243; fullwidth=&#8220;on&#8220; _builder_version=&#8220;4.9.10&#8243; _module_preset=&#8220;default&#8220; animation_style=&#8220;fade&#8220; animation_duration=&#8220;1550ms&#8220; animation_delay=&#8220;150ms&#8220; box_shadow_style=&#8220;preset2&#8243;][et_pb_fullwidth_header title=&#8220; &#8220; subhead=&#8220; &#8220; _builder_version=&#8220;4.9.10&#8243; _module_preset=&#8220;default&#8220; background_color=&#8220;RGBA(0,0,0,0)&#8220; background_image=&#8220;https:\/\/frauenaerztinnen-im-hain.de\/wp-content\/uploads\/2021\/09\/pexels-photo-7088828.jpg&#8220; parallax=&#8220;on&#8220;]<\/p>\n<p>&nbsp;<\/p>\n<p>&nbsp;<\/p>\n<p>&nbsp;<\/p>\n<p>&nbsp;<\/p>\n<p>&nbsp;<\/p>\n<p>&nbsp;<\/p>\n<p>&nbsp;<\/p>\n<p>&nbsp;<\/p>\n<p>&nbsp;<\/p>\n<p>&nbsp;<\/p>\n<p>&nbsp;<\/p>\n<p>[\/et_pb_fullwidth_header][\/et_pb_section][et_pb_section fb_built=&#8220;1&#8243; _builder_version=&#8220;4.9.10&#8243; _module_preset=&#8220;default&#8220;][et_pb_row _builder_version=&#8220;4.9.10&#8243; _module_preset=&#8220;default&#8220; animation_style=&#8220;fade&#8220; animation_duration=&#8220;1550ms&#8220; animation_delay=&#8220;150ms&#8220; locked=&#8220;off&#8220;][et_pb_column type=&#8220;4_4&#8243; _builder_version=&#8220;4.9.10&#8243; _module_preset=&#8220;default&#8220;][et_pb_text _builder_version=&#8220;4.9.10&#8243; _module_preset=&#8220;default&#8220;]<\/p>\n<h3 class=\"p3\"><span style=\"text-decoration: underline;\"><span class=\"s1\">Kinesiotaping<\/span><\/span><\/h3>\n<p><span style=\"text-decoration: underline;\"><span class=\"s1\"><\/span><\/span><\/p>\n<p class=\"p3\"><span class=\"s1\">Das Kinesio-Tape ist ein elastisches textiles Klebeband, welches bei unterschiedlichen Symptomatiken auf der Haut aufgebracht werden kann, um z.B. <mark2>Schmerzen zu mindern oder Verspannungen zu l\u00f6sen.<\/mark2> Es dient als Stabilisierung ohne die Beweglichkeit einzuschr\u00e4nken und soll so die Selbstheilungskr\u00e4fte des K\u00f6rpers aktivieren und unterst\u00fctzen.<\/span><\/p>\n<p class=\"p3\"><span class=\"s1\">Kinesiotaping kann vor allem<mark2> in der Schwangerschaft<\/mark2> zur Entlastung und Unterst\u00fctzung der Bauchmuskulatur, bei Karpaltunnelsyndrom oder Lockerungen der Symphyse eingesetzt werden. Und auch<mark2> nach der Entbindung<\/mark2> k\u00f6nnen z.B. Schmerzen einer Kaiserschnittnarbe durch Kinesiotaping gut behandelt werden.<\/span><\/p>\n<p class=\"p3\"><span class=\"s1\">Auch au\u00dferhalb der Schwangerschaft bietet diese Art der Therapie eine M\u00f6glichkeit, <mark2>Beschwerden w\u00e4hrend der Menstruation<\/mark2> zu lindern, Schmerzen <mark2>im Bereich der Wirbels\u00e4ule<\/mark2> zu verbessern oder Verspannungen des<mark2>Nacken-Schulter-Bereichs<\/mark2> oder <mark2>chronische Kopfschmerzen<\/mark2> zu l\u00f6sen.<\/span><\/p>\n<p>[\/et_pb_text][\/et_pb_column][\/et_pb_row][et_pb_row column_structure=&#8220;1_2,1_2&#8243; _builder_version=&#8220;4.9.10&#8243; _module_preset=&#8220;default&#8220; animation_style=&#8220;fade&#8220; animation_duration=&#8220;1550ms&#8220; animation_delay=&#8220;150ms&#8220; locked=&#8220;off&#8220;][et_pb_column type=&#8220;1_2&#8243; _builder_version=&#8220;4.9.10&#8243; _module_preset=&#8220;default&#8220;][et_pb_text _builder_version=&#8220;4.9.10&#8243; _module_preset=&#8220;default&#8220;]<\/p>\n<p class=\"p2\"><span class=\"s1\"><b><\/b><\/span><\/p>\n<h3 class=\"p3\"><span style=\"text-decoration: underline;\"><span class=\"s1\">Hormondiagnostik<\/span><\/span><\/h3>\n<p><span style=\"text-decoration: underline;\"><span class=\"s1\"><\/span><\/span><\/p>\n<p class=\"p3\"><span class=\"s1\">Hormone sind Botenstoffe, die in unserem K\u00f6rper st\u00e4ndig unterwegs sind und einen Teil der Steuerungsfunktion zwischen Organen und Abl\u00e4ufen im K\u00f6rper \u00fcbernehmen.<\/span><\/p>\n<p class=\"p3\"><span class=\"s1\">Bei der j\u00fcngeren Frau k\u00f6nnen <mark2>Kinderwunsch, St\u00f6rungen der Libido, Akne oder vermehrte K\u00f6rperbehaarung<\/mark2> zum Wunsch nach einer Hormondiagnostik f\u00fchren.<\/span><\/p>\n<p class=\"p3\"><span class=\"s1\">Bei \u00e4lteren Frauen sind es meist die <mark2>Wechseljahresbeschwerden<\/mark2>, die eine Hormonanalyse sinnvoll machen k\u00f6nnten.<\/span><\/p>\n<p class=\"p3\"><span class=\"s1\">Folgen eines zu sp\u00e4t erkannten Hormonmangels k\u00f6nnen z.B. das Risiko f\u00fcr das Auftreten von Osteoporose, ein erh\u00f6htes Risiko f\u00fcr Herzinfarkte bzw. andere Herz-Kreislauf-Erkrankungen erh\u00f6hen, sowie Grund f\u00fcr die Zunahme des Cholesterinspiegels, f\u00fcr Haarausfall und Hautunreinheiten und f\u00fcr unwillk\u00fcrlichen Urinabgang sein.<\/span><\/p>\n<p class=\"p3\"><span class=\"s1\">Zur Bestimmung des Hormonspiegels wird Ihnen etwas Blut entnommen, das zur Analyse in ein Labor geschickt wird. Entsprechend der Ergebnisse k\u00f6nnen wir Ihnen bei Bedarf Behandlungsvorschl\u00e4ge machen.<\/span><\/p>\n<p>[\/et_pb_text][\/et_pb_column][et_pb_column type=&#8220;1_2&#8243; _builder_version=&#8220;4.9.10&#8243; _module_preset=&#8220;default&#8220;][et_pb_image src=&#8220;https:\/\/frauenaerztinnen-im-hain.de\/wp-content\/uploads\/2021\/09\/1599px-17\u03b2-Dihydroequilin.svg_.jpg&#8220; title_text=&#8220;1599px-17\u03b2-Dihydroequilin.svg&#8220; _builder_version=&#8220;4.9.10&#8243; _module_preset=&#8220;default&#8220; custom_margin=&#8220;15%|5%|||false|false&#8220; box_shadow_style=&#8220;preset2&#8243;][\/et_pb_image][\/et_pb_column][\/et_pb_row][et_pb_row _builder_version=&#8220;4.9.10&#8243; _module_preset=&#8220;default&#8220; animation_style=&#8220;fade&#8220; animation_duration=&#8220;1550ms&#8220; animation_delay=&#8220;150ms&#8220; locked=&#8220;off&#8220;][et_pb_column type=&#8220;4_4&#8243; _builder_version=&#8220;4.9.10&#8243; _module_preset=&#8220;default&#8220;][et_pb_text _builder_version=&#8220;4.9.10&#8243; _module_preset=&#8220;default&#8220; custom_padding=&#8220;||0px|||&#8220;]<\/p>\n<h3 class=\"p3\"><span style=\"text-decoration: underline;\"><span class=\"s1\">Messung des Vitamin D Spiegels <\/span><\/span><\/h3>\n<p class=\"p3\"><span class=\"s1\"><\/span><\/p>\n<p class=\"p3\"><span class=\"s1\">Vitamin D hat eine Sonderstellung unter den Vitaminen. Unser K\u00f6rper kann das Vitamin unter der Einwirkung von Sonnenlicht selbst herstellen. Bei regelm\u00e4\u00dfigem Aufenthalt im Freien produziert die Haut circa 80-90% des Bedarfs an Vitamin D selbst. Der Rest kann \u00fcber die Nahrung aufgenommen werden. Allerdings kommt Vitamin D nur in einer kleinen Auswahl an Nahrungsmitteln vor.<\/span><\/p>\n<p class=\"p3\"><span class=\"s1\">Vitamin D ist vor allem f\u00fcr unseren<mark2> Knochenschutz<\/mark2> besonders wichtig. Ein Mangel an Vitamin D kann das Risiko einer Osteoporose deutlich erh\u00f6hen. Zudem wird Vitamin D ein protektiver Effekt bez\u00fcglich Herz-Kreislauf-Erkrankungen, verschiedener Krebserkrankungen und der Entwicklung eines Diabetes mellitus zugesprochen.<\/span><\/p>\n<p class=\"p3\"><span class=\"s1\">Eine Substitution ist vor allem bei \u00e4lteren Menschen sinnvoll, da im Alter die k\u00f6rpereigene Vitamin D Produktion abnimmt. Zus\u00e4tzlich sollten auch Menschen, die sich z.B. beruflich bedingt wenig im Freien aufhalten \u00fcber eine Vitamin D Substitution nachdenken.<\/span><\/p>\n<p class=\"p3\"><span class=\"s1\">Vor einer m\u00f6glichen Zufuhr ist es allerdings immer sinnvoll, den k\u00f6rpereigenen Vitamin D-Spiegel zun\u00e4chst bestimmen zu lassen, um einer m\u00f6glichen \u00dcberdosierung vorzubeugen.<\/span><\/p>\n<p>[\/et_pb_text][\/et_pb_column][\/et_pb_row][et_pb_row _builder_version=&#8220;4.9.10&#8243; _module_preset=&#8220;default&#8220;][et_pb_column type=&#8220;4_4&#8243; _builder_version=&#8220;4.9.10&#8243; _module_preset=&#8220;default&#8220;][et_pb_image src=&#8220;https:\/\/frauenaerztinnen-im-hain.de\/wp-content\/uploads\/2021\/11\/gerne_1.png&#8220; title_text=&#8220;gerne_1&#8243; _builder_version=&#8220;4.9.10&#8243; _module_preset=&#8220;default&#8220;][\/et_pb_image][\/et_pb_column][\/et_pb_row][et_pb_row column_structure=&#8220;1_2,1_2&#8243; _builder_version=&#8220;4.9.10&#8243; _module_preset=&#8220;default&#8220; animation_style=&#8220;fade&#8220; animation_duration=&#8220;1550ms&#8220; animation_delay=&#8220;150ms&#8220; locked=&#8220;off&#8220;][et_pb_column type=&#8220;1_2&#8243; _builder_version=&#8220;4.9.10&#8243; _module_preset=&#8220;default&#8220;][et_pb_image src=&#8220;https:\/\/frauenaerztinnen-im-hain.de\/wp-content\/uploads\/2021\/09\/photo-1576086213369-97a306d36557.webp&#8220; title_text=&#8220;photo-1576086213369-97a306d36557&#8243; align=&#8220;center&#8220; _builder_version=&#8220;4.9.10&#8243; _module_preset=&#8220;default&#8220; max_width=&#8220;96%&#8220; max_height=&#8220;1000px&#8220; box_shadow_style=&#8220;preset2&#8243;][\/et_pb_image][\/et_pb_column][et_pb_column type=&#8220;1_2&#8243; _builder_version=&#8220;4.9.10&#8243; _module_preset=&#8220;default&#8220;][et_pb_text _builder_version=&#8220;4.9.10&#8243; _module_preset=&#8220;default&#8220; custom_margin=&#8220;20%|7%|||false|false&#8220;]<\/p>\n<h3 class=\"p3\"><span class=\"s1\">Test auf sexuell \u00fcbertragbare Krankheiten und Infektionen<\/span><\/h3>\n<p><span class=\"s1\"><\/span><\/p>\n<p class=\"p3\"><span class=\"s1\">Falls der Verdacht auf eine sexuell \u00fcbertragbare Krankheit besteht, ist es wichtig diesem Verdacht nachzugehen. Bei Bedarf k\u00f6nnen wir eine Testung auf HIV, Chlamydien oder andere sexuell \u00fcbertragbare Krankheiten durchf\u00fchren. <mark2> Seien Sie sich sicher, dass wir das Ergebnis vertraulichund Sie mit der angemessenen Sorgfalt behandeln.<\/mark2><\/span><\/p>\n<p>[\/et_pb_text][\/et_pb_column][\/et_pb_row][et_pb_row _builder_version=&#8220;4.9.10&#8243; _module_preset=&#8220;default&#8220; animation_style=&#8220;fade&#8220; animation_duration=&#8220;1550ms&#8220; animation_delay=&#8220;150ms&#8220;][et_pb_column type=&#8220;4_4&#8243; _builder_version=&#8220;4.9.10&#8243; _module_preset=&#8220;default&#8220;][et_pb_text _builder_version=&#8220;4.9.10&#8243; _module_preset=&#8220;default&#8220;]<\/p>\n<h3 class=\"p3\"><span style=\"text-decoration: underline;\"><span class=\"s1\">Blasenkrebsfr\u00fcherkennung \/ Darmkrebsfr\u00fcherkennung<\/span><\/span><\/h3>\n<p class=\"p3\"><span class=\"s1\"><\/span><\/p>\n<p class=\"p3\"><span class=\"s1\">Zur Fr\u00fcherkennung von Blasen- bzw. Darmkrebs oder anderen krankhaften Ver\u00e4nderungen der Harnblase und ableitenden Harnwegen bzw. des Darmes k\u00f6nnen der Urin bzw. der Stuhl Hinweise geben. Mittels Fr\u00fcherkennungstests k\u00f6nnen Sie auch hier eine<mark2>  optimale Vorsorge<\/mark2>  treffen.<\/span><\/p>\n<p>[\/et_pb_text][\/et_pb_column][\/et_pb_row][\/et_pb_section][et_pb_section fb_built=&#8220;1&#8243; fullwidth=&#8220;on&#8220; _builder_version=&#8220;4.9.10&#8243; _module_preset=&#8220;default&#8220; locked=&#8220;off&#8220;][et_pb_fullwidth_header title=&#8220; &#8220; subhead=&#8220; &#8220; _builder_version=&#8220;4.9.10&#8243; _module_preset=&#8220;default&#8220; background_color=&#8220;RGBA(0,0,0,0)&#8220; background_image=&#8220;https:\/\/frauenaerztinnen-im-hain.de\/wp-content\/uploads\/2021\/11\/Praxis-FiH-022_2_FUssZEILE.jpg&#8220; parallax=&#8220;on&#8220; custom_padding=&#8220;17px|||||&#8220; filter_blur=&#8220;118px&#8220; hover_enabled=&#8220;0&#8243; filter_blur__hover_enabled=&#8220;on|desktop&#8220; filter_blur_last_edited=&#8220;on|phone&#8220; sticky_enabled=&#8220;0&#8243; filter_blur_tablet=&#8220;80px&#8220; filter_blur_phone=&#8220;50px&#8220;]<\/p>\n<p>&nbsp;<\/p>\n<p>&nbsp;<\/p>\n<p>&nbsp;<\/p>\n<p>[\/et_pb_fullwidth_header][\/et_pb_section][et_pb_section fb_built=&#8220;1&#8243; _builder_version=&#8220;4.9.10&#8243; _module_preset=&#8220;default&#8220; global_module=&#8220;4445&#8243;][et_pb_row _builder_version=&#8220;4.9.10&#8243; _module_preset=&#8220;default&#8220; animation_style=&#8220;fade&#8220; animation_duration=&#8220;1550ms&#8220; animation_delay=&#8220;150ms&#8220;][et_pb_column type=&#8220;4_4&#8243; _builder_version=&#8220;4.9.10&#8243; _module_preset=&#8220;default&#8220;][et_pb_text admin_label=&#8220;Text&#8220; _builder_version=&#8220;4.9.10&#8243; _module_preset=&#8220;default&#8220;]<\/p>\n<p>\u00a9 Frauen\u00e4rztinnen Dr. Doris Wendland, Dr. Aur\u00e9lie Meier und Dr. Franziska Ku\u00dfmann | <a href=\"https:\/\/frauenaerztinnen-im-hain.de\/?page_id=48\">Kontakt<\/a>\u00a0|\u00a0<a href=\"https:\/\/frauenaerztinnen-im-hain.de\/?page_id=4439&amp;preview=true\">Impressum<\/a>\u00a0|\u00a0<a href=\"https:\/\/frauenaerztinnen-im-hain.de\/?page_id=4441\">Datenschutzerkl\u00e4rung<\/a><\/p>\n<p>[\/et_pb_text][\/et_pb_column][\/et_pb_row][\/et_pb_section]<\/p>\n","protected":false},"excerpt":{"rendered":"<p>Im Rahmen der gyn\u00e4kologischen Untersuchung und Diagnostik werden einige Leistungen nicht oder nur zum Teil von Ihrer Krankenkasse \u00fcbernommen. Wir beraten Sie gerne im pers\u00f6nlichen Gespr\u00e4ch, welche Zusatzleistungen in Ihrem Fall sinnvoll und ratenswert w\u00e4ren. Hier haben wir f\u00fcr Sie einen \u00dcberblick \u00fcber die m\u00f6glichen zus\u00e4tzlichen Leistungen zusammengestellt: Vaginalultraschall Einige Ver\u00e4nderungen der Geb\u00e4rmutterh\u00f6hle oder auch [&hellip;]<\/p>\n","protected":false},"author":2,"featured_media":0,"parent":0,"menu_order":0,"comment_status":"closed","ping_status":"closed","template":"","meta":{"_et_pb_use_builder":"on","_et_pb_old_content":"","_et_gb_content_width":"","footnotes":""},"class_list":["post-88","page","type-page","status-publish","hentry"],"_links":{"self":[{"href":"https:\/\/frauenaerztinnen-im-hain.de\/index.php?rest_route=\/wp\/v2\/pages\/88","targetHints":{"allow":["GET"]}}],"collection":[{"href":"https:\/\/frauenaerztinnen-im-hain.de\/index.php?rest_route=\/wp\/v2\/pages"}],"about":[{"href":"https:\/\/frauenaerztinnen-im-hain.de\/index.php?rest_route=\/wp\/v2\/types\/page"}],"author":[{"embeddable":true,"href":"https:\/\/frauenaerztinnen-im-hain.de\/index.php?rest_route=\/wp\/v2\/users\/2"}],"replies":[{"embeddable":true,"href":"https:\/\/frauenaerztinnen-im-hain.de\/index.php?rest_route=%2Fwp%2Fv2%2Fcomments&post=88"}],"version-history":[{"count":39,"href":"https:\/\/frauenaerztinnen-im-hain.de\/index.php?rest_route=\/wp\/v2\/pages\/88\/revisions"}],"predecessor-version":[{"id":5418,"href":"https:\/\/frauenaerztinnen-im-hain.de\/index.php?rest_route=\/wp\/v2\/pages\/88\/revisions\/5418"}],"wp:attachment":[{"href":"https:\/\/frauenaerztinnen-im-hain.de\/index.php?rest_route=%2Fwp%2Fv2%2Fmedia&parent=88"}],"curies":[{"name":"wp","href":"https:\/\/api.w.org\/{rel}","templated":true}]}}